n - 24 = 0, 4*f - 2*n - 2*n = -4. Suppose d + 5*c = -11, -f*c = s - 4. What are the prime factors of d?
3
Suppose 3*y = 1314 - 453. What are the prime factors of y?
7, 41
Let c be 6 + 12/(-4 + 0). What are the prime factors of 1*44 + (c - -1)?
2, 3
Let q be 6/21 - (-76)/28. Suppose 0*o = -q*o + 36. List the prime factors of o.
2, 3
What are the prime factors of (-3)/1*(-21 + 20)?
3
Let d = -7 - -9. Let w(k) = -k**3 + 1 + k + 2*k - 6*k**d + 12*k**2. What are the prime factors of w(6)?
19
Let q(a) = a**3 - 7*a**2 - 8*a + 11. Let n be q(8). Suppose n*h = 12*h - 42. What are the prime factors of h?
2, 3, 7
Let a(t) = 2*t**2 + 3*t + 32. What are the prime factors of a(0)?
2
Suppose -625 = -3*r - 115. Suppose -r + 25 = -5*y. What are the prime factors of y?
29
Let b(w) = -31*w + 3. List the prime factors of b(-2).
5, 13
Let o(y) = 2*y**2 - 5*y - 4. Let r(j) = j + 4*j - 6 - 4*j. Let x be r(10). What are the prime factors of o(x)?
2
Suppose 28 = -2*w + 3*w. List the prime factors of 42/w*4/3.
2
Suppose 325 = 4*m + p, 3*m + 2*p - 330 = -m. What are the prime factors of m?
2, 5
Let p(t) = -411*t + 9. List the prime factors of p(-1).
2, 3, 5, 7
Let i(s) = -9 - s**2 - 7*s + 0*s + 3. List the prime factors of i(-4).
2, 3
Let o = -16 - -17. List the prime factors of -4 - (-29)/(1/o).
5
Let a(c) = 4*c**2 + 0*c**2 - 3 - 5*c**2 - 16. Let d be a(0). Let x = -8 - d. List the prime factors of x.
11
Let m(t) be the first derivative of 2*t**3/3 + 5*t**2/2 - 2*t - 1. List the prime factors of m(-5).
23
Suppose 3*w + 21 - 132 = 4*i, 185 = 5*w + 3*i. Let c = w - 21. What are the prime factors of c?
2
Let i(w) = 25*w - 5. Let q(s) = -6*s + 1. Let y(v) = 2*i(v) + 9*q(v). Let o be y(-2). Suppose -3*r + o = -20. List the prime factors of r.
3
Let i = 0 + 2. Suppose i*l + 12 = 4*l. What are the prime factors of l?
2, 3
Let k(w) = 3*w**2 + 7. What are the prime factors of k(-6)?
5, 23
Suppose -p + 56 = -0*p - 3*j, 0 = -4*p - 2*j + 238. Suppose 5*d - 64 = -2*w, 3*w - d - p = 3. Let g = w - 13. List the prime factors of g.
3
Let g be (-3)/3 - 0/(-3). Let f(w) = w + 1. Let x be f(g). Suppose x = 3*q - 35 + 8. What are the prime factors of q?
3
Suppose -4*u + 11 = -5. Suppose 2*v = -2*k + 6, 2*v = u*k + 5*v - 13. List the prime factors of k.
2
Let a(t) = 39*t**2 + t. Let d be a(-1). Suppose 2*f - d = -5*l + 14, 2*l = f - 26. List the prime factors of f.
2, 13
Let d(r) = 317*r - 9. List the prime factors of d(1).
2, 7, 11
Suppose 3*i - 5*q = 3, -2*q - 1 = -i - 4*q. Let y(x) = x + 10. Let c be y(-6). Suppose 2*o + 13 - i = c*g, 0 = -2*o. List the prime factors of g.
3
Let o(f) = f**3 + 5*f**2 + f - 1. Let l = 14 - 10. Suppose l = 2*n - 4*n. What are the prime factors of o(n)?
3
Let v = -5 - -11. Suppose -v*j + 22 = -4*j. List the prime factors of j.
11
Let y(l) = -l**3 + 14*l**2 + 16*l + 11. List the prime factors of y(15).
2, 13
Let t be ((-15)/(-9))/(-5)*-246. Let l = t + -178. List the prime factors of l/(-10) - (-2)/5.
2, 5
Suppose 0 = 4*t - 4*a + 20, 5*a - 4 - 21 = 3*t. Let y be (-5 - -1) + t - -2. What are the prime factors of (y - 0) + 12 + 2?
2, 3
Suppose -5*i - t + 8 = 0, 4 = -3*t + t. Let m = -8 - -4. Let j = i - m. What are the prime factors of j?
2, 3
Let n(t) = -5*t - 1. Let u be n(-5). Let o = u + -11. List the prime factors of o.
13
Let v = 2 - 2. Let f = 2 + v. Suppose -15 = -5*d - 4*j, f*j - 10 = 4*j. What are the prime factors of d?
7
Suppose 6 = 4*i + 38. What are the prime factors of (-305)/(-20) - (-2)/i?
3, 5
Let u(b) = b + 8. Let w be u(-8). Suppose w = -2*p + p + 11. What are the prime factors of p?
11
Suppose -47 - 58 = -5*o. Let f = -14 + o. List the prime factors of f.
7
Suppose 3*a + a - 3 = -3*l, 0 = -4*a - 2*l + 6. Suppose a = o + 2. Let u = o - -11. List the prime factors of u.
2, 3
Let n be 4/22 + 144/(-66). Let m be 0/(4 - (0 - n)). Suppose m = v + y - 10, -y = 5*v - 6*y. What are the prime factors of v?
5
Suppose -z + 3*z = -4*w + 10, -3*w + 27 = -5*z. Suppose w*m + 8 = 8*m. Suppose -3 = 3*q - 3*b, 0 = -2*q - b + m + 8. List the prime factors of q.
3
Let p be 823/(-5) + (-4)/10. What are the prime factors of (-2)/(-7) + p/(-35)?
5
Suppose 5*t - 15 = -4*w, 3*w - 2 = -5*t + 8. Suppose -w = v, -3*v - 4 = q + 1. Let i = -3 + q. List the prime factors of i.
7
Let m = 33 - -3. What are the prime factors of m?
2, 3
Let z = -19 + 48. What are the prime factors of z?
29
Let r be (-5 - -2)/(-1 + -2). What are the prime factors of (-1)/r*(-3 - 5)?
2
Suppose 4*j - 3 + 7 = 0. Let t = j + 1. Suppose -2*c + t*c + 30 = 0. What are the prime factors of c?
3, 5
Let i(m) be the second derivative of 4*m**3/3 + 3*m**2/2 - 2*m. Let z be i(4). Suppose 5*x - z = -5. List the prime factors of x.
2, 3
Let p be (1/(-3))/(1/(-57)). Suppose -p*x + 114 = -16*x. List the prime factors of x.
2, 19
Suppose -18 = -7*g + g. What are the prime factors of g?
3
Suppose -2*s + f - 5 = -21, 4*f - 6 = s. List the prime factors of s.
2, 5
Suppose 3*f + 4*m + 60 = 0, -f = -m - 6 + 19. List the prime factors of (f/2)/(-1 + 0).
2
Let f be -2 - -2*(-59)/(-2). Suppose 4*y = -13 + f. List the prime factors of y.
11
Let z = -20 - -55. What are the prime factors of z?
5, 7
Suppose -5*y - 295 = -5*m - y, m + 2*y = 73. What are the prime factors of m?
3, 7
Suppose -5*g = 2 - 7. Let f = g + 2. Let d = 5 + f. List the prime factors of d.
2
Let s(k) = k + 2. Let g be s(0). Let u(q) = 0*q + 2 - q**2 + 2*q**g - 4*q. List the prime factors of u(4).
2
Let v be (-4)/6*84/8. Let s = v + 12. What are the prime factors of s?
5
Suppose 6 = 2*i - 0. Let m be (43 - 3) + i/3. Suppose -3*r - q + 38 = 0, -5*r - m = 3*q - 107. List the prime factors of r.
2, 3
Suppose 2 = o, 0*o - 2*o + 599 = 5*i. What are the prime factors of i?
7, 17
List the prime factors of 2/3*15/20*60.
2, 3, 5
Let f be (8/10)/((-2)/(-5)). Suppose 3*m - f*m = 0. Suppose m = -r - 3*k - 7, 5 = -2*k - 3. What are the prime factors of r?
5
Suppose 53 = -r - 52. Let k = -7 - -9. What are the prime factors of (k/(-5))/(3/r)?
2, 7
Let j = -4 - -4. Suppose 0 = -2*q + 5*o + 20, -2*q = -o - j*o - 28. List the prime factors of q.
3, 5
Let r(i) = 6*i - 6. Let a be r(4). Let p = 1 + a. What are the prime factors of p?
19
Suppose -21 = l - 5*f, 0 = -l - 2*l + 3*f - 15. Let t = 3 - l. Suppose -6 = -t*j + 3*v - 2, 0 = -5*j + 5*v. What are the prime factors of j?
2
Suppose -3*a - 10 + 109 = 0. List the prime factors of a.
3, 11
List the prime factors of 17 + 20/(-15) + 2/(-3).
3, 5
Suppose 0 = -5*j - 0*j. Suppose 5*r - 26 - 9 = j. List the prime factors of r.
7
Let v = 4 - 6. List the prime factors of v + 10 + 3/3.
3
Let d(w) be the second derivative of 1/20*w**5 - 1/2*w**4 + 0 + 2*w**2 - w**3 - w. What are the prime factors of d(7)?
11
Let w(v) = -v**2 + 19*v - 8. What are the prime factors of w(13)?
2, 5, 7
Let q(t) = 2*t + 7. Suppose -2*l + 16 = 2*l. Suppose -g + 5*h = 4, -14 = -l*g + 2*h + 3*h. What are the prime factors of q(g)?
19
Suppose 3*o - 326 = -5*d, 3*o + d - 334 = -0*d. What are the prime factors of o?
2, 7
Suppose b - p - 2*p = 13, -3*b + 3 = 3*p. Let c(t) = -t**3 + 5*t**2 - 4*t + 3. Let y be c(b). Suppose -d + 11 - y = 0. What are the prime factors of d?
2
Let u(b) = b**2 + b - 3. Let d be u(3). List the prime factors of 2/(-9) - (-65)/d.
7
Let n(p) = 21*p - 5. List the prime factors of n(2).
37
Suppose 63 = -3*r - 3*u, -3*r + 0*r - 55 = -5*u. Let q = -4 + r. Let b = -14 - q. List the prime factors of b.
2, 5
Let y(h) = -24*h**3 - h + 5. Let c(w) = 6*w**3 - 1. Let m(x) = -9*c(x) - 2*y(x). Let q be m(1). List the prime factors of 93/15 + 1/q.
2, 3
List the prime factors of (-3)/6 - 246/(-4).
61
Let h = 62 + -53. List the prime factors of h.
3
Suppose -2*g = 2*a - 68, -3*a + 98 - 12 = -5*g. List the prime factors of a.
2
Let h(a) = 2*a**2 + 8*a - 7 + 18*a**2 - 19*a**2. Let z(w) = -w**2 - w - 3. Let o be z(-3). List the prime factors of h(o).
2
Let z = 7 - 4. Suppose -d = -z*d + 10. List the prime factors of d.
5
Suppose -12 + 2 = 5*r. Let h = r - -9. List the prime factors of h.
7
Let k(s) = s + 6. Let w be k(-6). Let z be -1*1/(-2)*w. Let b(n) = n**3 + 16. What are the prime factors of b(z)?
2
Let z(m) = -m**2 + 10*m + 10. Let j be z(11). What are the prime factors of 96/9 - j/3?
11
Suppose -x - 7 = 2*w, -21 = -2*x - 2*w + 5*w. Let a(d) = d